or of 1918?
False
Is 1227 a multiple of 105?
False
Does 119 divide 106725?
False
Is 663 a multiple of 39?
True
Does 12 divide 29?
False
Is 165 a multiple of 5?
True
Is 10 a factor of 3230?
True
Is 12518 a multiple of 10?
False
Is 2496 a multiple of 6?
True
Is 11 a factor of 4070?
True
Does 38 divide 1191?
False
Is 13 a factor of 51052?
False
Does 72 divide 11319?
False
Does 10 divide 18279?
False
Is 62 a factor of 682?
True
Is 15626 a multiple of 13?
True
Is 23276 a multiple of 22?
True
Is 2 a factor of 170?
True
Does 226 divide 72772?
True
Does 7 divide 1336?
False
Does 10 divide 50?
True
Is 12 a factor of 1008?
True
Is 22594 a multiple of 79?
True
Does 15 divide 2160?
True
Is 3597 a multiple of 33?
True
Is 12845 a multiple of 7?
True
Is 70 a factor of 1830?
False
Is 5 a factor of 29?
False
Is 69 a factor of 25737?
True
Is 121 a factor of 1059?
False
Does 11 divide 6282?
False
Does 2 divide 493?
False
Does 7 divide 18095?
True
Is 15637 a multiple of 19?
True
Is 13 a factor of 212146?
False
Does 18 divide 22619?
False
Does 3 divide 3064?
False
Is 140 a factor of 6080?
False
Is 696 a multiple of 6?
True
Does 25 divide 48114?
False
Is 928 a multiple of 32?
True
Does 17 divide 9265?
True
Does 10 divide 8817?
False
Is 12 a factor of 3150?
False
Is 3 a factor of 39?
True
Is 262 a multiple of 49?
False
Is 27 a factor of 648?
True
Does 36 divide 1044?
True
Does 11 divide 209?
True
Is 7 a factor of 592?
False
Is 166 a multiple of 5?
False
Is 109 a factor of 981?
True
Is 8 a factor of 242?
False
Is 38613 a multiple of 12?
False
Is 891 a multiple of 22?
False
Is 24 a factor of 2029?
False
Is 49 a factor of 6517?
True
Does 193 divide 34933?
True
Does 37 divide 6327?
True
Does 15 divide 9390?
True
Is 13 a factor of 1300?
True
Is 21 a factor of 441?
True
Is 87720 a multiple of 20?
True
Is 159 even?
False
Is 880 a multiple of 40?
True
Does 4 divide 2849?
False
Is 15 a factor of 1772?
False
Does 89 divide 623?
True
Does 26 divide 5837?
False
Is 11844 a multiple of 126?
True
Does 3 divide 127?
False
Does 3 divide 1137?
True
Does 34 divide 482?
False
Is 13 a factor of 2465?
False
Is 7416 a multiple of 8?
True
Is 14 a factor of 991?
False
Is 1711 a multiple of 29?
True
Is 21 a factor of 42?
True
Does 158 divide 523?
False
Is 16 a multiple of 8?
True
Is 1364 a multiple of 22?
True
Is 909 a multiple of 10?
False
Is 70 a factor of 18759?
False
Is 33 a factor of 2046?
True
Is 72904 a multiple of 13?
True
Does 16 divide 3538?
False
Does 5 divide 570?
True
Is 185 a multiple of 17?
False
Does 6 divide 518?
False
Is 2402 a multiple of 5?
False
Is 5 a factor of 12579?
False
Is 503 a multiple of 12?
False
Does 7 divide 117509?
True
Is 9434 a multiple of 89?
True
Is 1201 a multiple of 23?
False
Is 3360 a multiple of 71?
False
Is 66 a factor of 8664?
False
Does 76 divide 1292?
True
Is 15224 a multiple of 88?
True
Is 12 a factor of 8454?
False
Does 3 divide 130?
False
Does 15 divide 2460?
True
Is 63 a factor of 9198?
True
Is 12745 a multiple of 4?
False
Is 395 a multiple of 18?
False
Does 8 divide 32?
True
Is 65 a factor of 1365?
True
Is 53 a factor of 2332?
True
Is 1490 a multiple of 2?
True
Is 98464 a multiple of 22?
False
Does 124 divide 124?
True
Is 7 a factor of 105?
True
Is 10 a factor of 384?
False
Is 10873 a multiple of 11?
False
Is 22473 a multiple of 227?
True
Is 33 a factor of 713?
False
Does 37 divide 7252?
True
Does 29 divide 406?
True
Is 614 a multiple of 3?
False
Is 7423 a multiple of 12?
False
Is 632 a multiple of 33?
False
Does 101 divide 9524?
False
Is 134 a factor of 31088?
True
Does 23 divide 23592?
False
Is 7 a factor of 578?
False
Is 26620 a multiple of 121?
True
Does 20 divide 6020?
True
Is 12 a factor of 112?
False
Does 45 divide 495?
True
Is 50 a factor of 3950?
True
Is 14 a factor of 12651?
False
Does 9 divide 3455?
False
Is 7 a factor of 1169?
True
Is 262 a factor of 58950?
True
Is 900 a multiple of 15?
True
Is 6 a factor of 6914?
False
Does 23 divide 2944?
True
Is 6091 a multiple of 108?
False
Is 17 a factor of 44593?
False
Does 12 divide 2868?
True
Does 16 divide 3136?
True
Is 7416 a multiple of 103?
True
Is 2035 a multiple of 67?
False
Does 125 divide 2954?
False
Is 4 a factor of 24?
True
Does 11 divide 810?
False
Is 2748 a multiple of 20?
False
Is 7 a factor of 2947?
True
Is 231 a multiple of 7?
True
Is 2096 a multiple of 8?
True
Does 65 divide 790?
False
Does 12 divide 287?
False
Does 12 divide 51444?
True
Is 5 a factor of 54?
False
Does 78 divide 2262?
True
Is 22 a factor of 4739?
False
Does 12 divide 4118?
False
Does 188 divide 7896?
True
Is 38 a factor of 4256?
True
Is 1876 a multiple of 28?
True
Is 1950 a multiple of 130?
True
Does 4 divide 2368?
True
Is 1537 a multiple of 4?
False
Does 128 divide 10240?
True
Is 1710 even?
True
Is 3796 a multiple of 52?
True
Does 10 divide 31304?
False
Is 3346 a multiple of 14?
True
Is 14 a factor of 714?
True
Is 21 a factor of 17199?
True
Is 27453 a multiple of 5?
False
Is 9663 a multiple of 5?
False
Is 644 a multiple of 18?
False
Is 32 a factor of 160?
True
Is 67 a multiple of 2?
False
Is 26 a factor of 130?
True
Is 13296 a multiple of 48?
True
Does 6 divide 654?
True
Does 41 divide 29889?
True
Is 11275 a multiple of 5?
True
Is 22 a factor of 55112?
False
Is 42 a factor of 720?
False
Is 332 a multiple of 4?
True
Is 12 a factor of 14117?
False
Is 17 a factor of 3195?
False
Is 20 a factor of 461?
False
Does 123 divide 3319?
False
Does 16 divide 2832?
True
Does 37 divide 481?
True
Is 351 a multiple of 13?
True
Does 46 divide 22813?
False
Is 16800 a multiple of 175?
True
Is 624 a multiple of 72?
False
Does 2 divide 1394?
True
Does 16 divide 7376?
True
Is 1368 a multiple of 76?
True
Does 35 divide 4620?
True
Is 7 a factor of 3427?
False
Does 4 divide 17?
False
Is 52 a factor of 676?
True
Is 7689 a multiple of 57?
False
Is 39 a factor of 347?
False
Is 19 a factor of 5987?
False
Is 1386 a multiple of 18?
True
Is 15 a factor of 318?
False
Does 6 divide 2269?
False
Is 2 a factor of 102?
True
Is 163 a multiple of 163?
True
Is 791 a multiple of 58?
False
Is 204 a multiple of 47?
False
Is 165 a multiple of 15?
True
Does 5 divide 13620?
True
Is 492 a multiple of 41?
True
Does 17 divide 493?
True
Is 40 a factor of 74680?
True
Is 78 a factor of 6009?
False
Does 31 divide 60295?
True
Is 13 a factor of 26429?
True
Is 33 a factor of 462?
True
Does 17 divide 15607?
False
Is 8 a factor of 785?
False
Is 9 a factor of 6293?
False
Does 44 divide 384?
False
Is 275 a factor of 19190?
False
Is 1212 a multiple of 12?
True
Does 76 divide 684?
True
Does 33 divide 8349?
True
Is 4 a factor of 16097?
False
Does 26 divide 456?
False
Is 2561 a multiple of 15?
False
Is 76 a factor of 1064?
True
Is 5 a factor of 1326?
False
Is 111 a factor of 36075?
True
Does 6 divide 811?
False
Is 14136 a multiple of 62?
True
Does 17 divide 1479?
True
Does 26 divide 9464?
True
Is 48754 a multiple of 12?
False
Does 45 divide 1146?
False
Does 21 divide 401?
False
Is 1194 a multiple of 8?
False
Does 2 divide 181?
False
Is 2432 a multiple of 8?
True
Is 15 a factor of 28678?
False
Is 23288 a multiple of 57?
False
Is 4 a factor of 1003?
False
Is 8393 a multiple of 38?
False
Does 7 divide 240?
False
Is 1551 a multiple of 10?
False
Is 76 a factor of 912?
True
Is 4666 a multiple of 13?
False
Is 9 a factor of 12109?
False
Does 83 divide 738?
False
Is 18944 a multiple of 5?
False
Is 119 a factor of 595?
True
Is 6 a factor of 1280?
False
Does 25 divide 6750?
True
Is 14973 a multiple of 21?
True
Does 55 divide 440?
True
Does 9 divide 7062?
False
Is 10530 a multiple of 135?
True
Is 30 a factor of 840?
True
Is 136 a factor of 3672?
True
Is 4827 a multiple of 9?
False
Is 7 a factor of 24463?
False
Does 8 divide 776?
True
Is 75172 a multiple of 18?
False
Is 141 a factor of 12169?
False
Does 228 divide 3525?
False
Is 290 a multiple of 29?
True
Does 14 divide 3402?
True
Does 53 divide 901?
True
Does 18 divide 306?
True
Is 52 a factor of 12650?
False
Is 13 a factor of 429?
True
Does 40 divide 20476?
False
Does 11 divide 1566?
False
Does 7 divide 12537?
True
Is 77 a factor of 55132?
True
Is 22 a factor of 1367?
False
Is 29568 a multiple of 54?
False
Is 1168 a multiple of 37?
False
Is 4698 a multiple of 174?
True
Is 1035 a multiple of 13?
False
Does 6 divide 648?
True
Is